
False
Does 1291 divide 101496313?
False
Is 127 a factor of 639969781?
False
Does 1187 divide 309143767?
False
Is 13876577 a multiple of 10?
False
Is 1121 a factor of 60819855?
True
Is 927868546 a multiple of 11?
True
Does 38 divide 783236693?
False
Does 461 divide 39695719?
False
Is 4 a factor of 17999028?
True
Does 8 divide 347538758?
False
Does 1574 divide 273393738?
False
Does 122 divide 198669314?
True
Is 1819 a factor of 661085614?
False
Is 273617682 a multiple of 3831?
True
Is 26 a factor of 204695007?
False
Is 196264060 a multiple of 230?
True
Is 8 a factor of 553850608?
True
Is 7148 a factor of 291974356?
True
Is 335 a factor of 1550330755?
True
Is 11475178 a multiple of 286?
True
Is 519973143 a multiple of 1007?
False
Is 285 a factor of 366172560?
True
Is 451983649 a multiple of 23?
True
Is 37536517 a multiple of 562?
False
Is 279093856 a multiple of 2?
True
Is 232937210 a multiple of 4814?
False
Does 65 divide 145341755?
True
Does 17 divide 99682424?
True
Is 1578053520 a multiple of 360?
True
Is 1848792 a multiple of 2?
True
Is 103756690 a multiple of 62?
True
Is 82 a factor of 134109440?
False
Is 1367 a factor of 15834725?
False
Is 146 a factor of 609482256?
True
Is 1002409269 a multiple of 37?
False
Does 11 divide 148165314?
True
Is 1133 a factor of 683162744?
True
Is 7874957 a multiple of 75?
False
Is 46928898 a multiple of 114?
True
Does 38 divide 354710373?
False
Does 1289 divide 401892474?
False
Does 1677 divide 6599370648?
True
Is 760222994 a multiple of 188?
False
Is 647084813 a multiple of 74?
False
Does 104 divide 645860336?
False
Is 204 a factor of 78575292?
True
Does 1925 divide 130168500?
True
Is 747814753 a multiple of 31?
False
Does 13 divide 741208?
True
Does 2421 divide 32834467?
False
Does 4 divide 29098808?
True
Does 7 divide 759050?
False
Does 129 divide 313109?
False
Is 2236946523 a multiple of 29?
True
Does 10 divide 5417890?
True
Is 54 a factor of 39543169?
False
Does 190 divide 1171829940?
True
Is 74 a factor of 1354144648?
True
Is 3216532248 a multiple of 67?
True
Is 350427242 a multiple of 638?
True
Is 23 a factor of 4628046384?
True
Is 615 a factor of 110509965?
True
Is 386727992 a multiple of 1624?
True
Is 6 a factor of 11670138?
True
Is 799457178 a multiple of 15?
False
Is 132292989 a multiple of 26?
False
Does 143 divide 297336430?
False
Does 46 divide 95022581?
False
Does 249 divide 66075589?
False
Is 999 a factor of 8631995?
False
Is 57 a factor of 136841040?
True
Does 745 divide 2352920835?
True
Does 348 divide 11545248?
True
Does 364 divide 43978480?
True
Is 66987844 a multiple of 28?
True
Is 55184338 a multiple of 22?
True
Does 35 divide 2031887690?
True
Does 1898 divide 1693234?
False
Does 5887 divide 36540468?
False
Does 727 divide 33720866?
False
Is 150488100 a multiple of 175?
True
Is 5267 a factor of 428217634?
True
Is 185190494 a multiple of 479?
False
Does 846 divide 1369788210?
True
Is 25325430 a multiple of 6?
True
Is 7 a factor of 7194852?
True
Is 1073046 a multiple of 78?
True
Is 463 a factor of 63884179?
False
Does 11 divide 2093278?
True
Is 982705633 a multiple of 511?
True
Is 542 a factor of 189462546?
False
Does 543 divide 497252250?
True
Does 240 divide 70524386?
False
Does 1532 divide 51196376?
True
Is 129812167 a multiple of 118?
False
Does 102 divide 108950484?
True
Is 26 a factor of 160877574?
True
Is 12436 a factor of 3121721876?
False
Is 188 a factor of 46956196?
True
Does 1497 divide 23812779?
True
Does 261 divide 334603069?
False
Is 140096928 a multiple of 2277?
False
Does 10 divide 11674565?
False
Is 2 a factor of 86268272?
True
Is 32 a factor of 164207504?
False
Is 87346762 a multiple of 9?
False
Is 128 a factor of 2649088?
True
Does 124 divide 22191536?
True
Is 1108554525 a multiple of 12?
False
Is 70005750 a multiple of 93?
True
Is 63658944 a multiple of 232?
True
Does 17 divide 54593345?
False
Does 6373 divide 2245813335?
True
Does 1364 divide 886973?
False
Is 438 a factor of 76019707?
False
Does 733 divide 102016741?
True
Does 18 divide 2761962952?
False
Is 50162968 a multiple of 89?
False
Is 6124 a factor of 1310566620?
True
Is 1654467829 a multiple of 12070?
False
Is 41285256 a multiple of 235?
False
Is 133 a factor of 2652856570?
True
Does 2297 divide 44870528?
False
Is 148 a factor of 55270748?
True
Is 1479 a factor of 151690793?
False
Is 32136368 a multiple of 28?
False
Is 1272110184 a multiple of 24?
True
Is 8 a factor of 2740355?
False
Does 208 divide 158405728?
True
Is 817 a factor of 6569497?
True
Is 602698578 a multiple of 23?
True
Is 457 a factor of 1386452541?
True
Is 101 a factor of 253335068?
True
Does 89 divide 671963884?
True
Is 51163392 a multiple of 62?
True
Does 18 divide 57284166?
False
Does 41 divide 489169996?
False
Is 134888516 a multiple of 9?
False
Is 3 a factor of 2600498?
False
Does 86 divide 600537420?
False
Is 493 a factor of 236129442?
False
Is 11940721 a multiple of 247?
True
Is 11851040 a multiple of 16?
True
Does 362 divide 2357031089?
False
Is 55 a factor of 15864997?
False
Is 182 a factor of 25283975?
False
Is 49245011 a multiple of 22?
False
Is 3148795141 a multiple of 97?
False
Is 13395419 a multiple of 10?
False
Does 3440 divide 1169682560?
True
Does 103 divide 34781864?
True
Is 48113520 a multiple of 28?
True
Is 3 a factor of 245886842?
False
Does 75 divide 40428000?
True
Is 2612 a factor of 99211596?
True
Is 52238793 a multiple of 100?
False
Does 550 divide 606852950?
True
Is 28532819 a multiple of 199?
True
Does 49 divide 343602161?
True
Is 21182695 a multiple of 3?
False
Does 85 divide 12511306?
False
Is 28 a factor of 849729580?
True
Is 447 a factor of 6783225?
True
Is 1850674 a multiple of 7?
True
Is 62 a factor of 85078742?
False
Does 108 divide 98947116?
True
Does 2065 divide 180776295?
True
Does 7245 divide 1485900129?
False
Is 4359 a factor of 3600159126?
True
Is 3556 a factor of 1281737854?
False
Is 150260445 a multiple of 45?
True
Is 48 a factor of 1100616960?
True
Is 343225415 a multiple of 154?
False
Is 300267258 a multiple of 6076?
False
Is 16 a factor of 33087726?
False
Is 40 a factor of 372991680?
True
Does 744 divide 196638475?
False
Is 1951 a factor of 23495902?
False
Is 8 a factor of 21786832?
True
Does 12 divide 305448223?
False
Does 30 divide 2043482880?
True
Is 72822030 a multiple of 1545?
True
Does 208 divide 653425237?
False
Does 48 divide 59610821?
False
Is 109 a factor of 609304311?
False
Is 42 a factor of 581280546?
True
Is 20284677 a multiple of 343?
True
Does 1988 divide 1683538417?
False
Does 1916 divide 57238584?
True
Is 563094 a multiple of 218?
True
Is 6030 a factor of 3285025159?
False
Is 116449778 a multiple of 9?
False
Does 66 divide 53645112?
False
Is 11029872 a multiple of 53?
False
Is 6054 a factor of 909631662?
True
Does 5 divide 23915470?
True
Is 1383 a factor of 7870756256?
False
Does 48 divide 1632881568?
True
Does 91 divide 82525872?
False
Is 71542650 a multiple of 89?
True
Is 45782785 a multiple of 2037?
False
Is 247952427 a multiple of 40?
False
Is 1392420672 a multiple of 27?
True
Does 44 divide 29862580?
True
Does 584 divide 44320757?
False
Does 335 divide 2171434584?
False
Is 38019176 a multiple of 104?
True
Does 2893 divide 253206932?
True
Does 4 divide 7268448?
True
Is 21673782 a multiple of 15?
False
Is 3715000 a multiple of 50?
True
Does 987 divide 136284960?
True
Does 1728 divide 843334322?
False
Is 10256 a factor of 2734126528?
True
Is 849 a factor of 540244363?
False
Is 11 a factor of 25110679?
True
Does 21 divide 166156281?
False
Is 1665 a factor of 49622919?
False
Is 2337035019 a multiple of 11?
True
Is 34130615 a multiple of 1460?
False
Is 5 a factor of 822276159?
False
Does 244 divide 57788716?
True
Is 45604403 a multiple of 13?
True
Is 8 a factor of 25229408?
True
Is 22 a factor of 8994033?
False
Is 34395712 a multiple of 32?
True
Is 24 a factor of 3797654480?
False
Does 9 divide 7083819?
True
Is 217952707 a multiple of 666?
False
Is 489 a factor of 2363008932?
False
Does 127 divide 61638434?
True
Is 34 a factor of 72247382?
True
Does 9 divide 10264959?
True
Does 21 divide 244484245?
False
Is 51696367 a multiple of 569?
False
Is 3347 a factor of 266553741?
False
Is 40 a factor of 120229560?
True
Is 5201226378 a multiple of 7?
False
Is 15964851 a multiple of 7?
True
